{"id":4836,"date":"2023-07-07T18:40:24","date_gmt":"2023-07-08T00:40:24","guid":{"rendered":"https:\/\/elojoquevelaluz.com\/?post_type=product&#038;p=4836"},"modified":"2023-12-18T00:32:04","modified_gmt":"2023-12-18T06:32:04","slug":"roots","status":"publish","type":"product","link":"https:\/\/elojoquevelaluz.com\/es\/product\/roots\/","title":{"rendered":"Retiro &#8211; Roots"},"content":{"rendered":"","protected":false},"excerpt":{"rendered":"<p>Roots te invita a reconectar con lo que te sostiene. Regresar a tus ra\u00edces es la mejor manera de retomar tu camino a conectar con tu esencia cuando queremos ver un cambio en lo que vemos afuera. \u2728\ud83d\udcab<\/p>\n<p>\ud83d\udcc5 8 al 10 de marzo del 2024.<br \/>\n\ud83d\udccd Boxque Teva. \ud83c\udf32<\/p>\n<p>Tu viaje hacia el auto descubrimiento comienza aqu\u00ed. Convierte el cambio en una experiencia \u00fanica.<\/p>\n<p>Todo incluido:<br \/>\n&#8211; 3 d\u00edas y 2 noches de hospedaje.<br \/>\n&#8211; Comidas.<br \/>\n&#8211; Hike.<br \/>\n&#8211; Cuencos.<br \/>\n&#8211; Journal.<br \/>\n&#8211; Static Dance.<br \/>\n&#8211; Meditaci\u00f3n.<br \/>\n&#8211; Coffee breaks.<br \/>\n&#8211; Estacionamiento<\/p>\n<p>Aparta tu lugar por DM, WhatsApp al 446 112 3440 o al correo elojoquevelaluz@gmail.com<\/p>\n<p>S\u00famate a nosotras y vive una experiencia \u00fanica para cambiar tu energ\u00eda. \ud83d\udcab<\/p>\n<ul>\n<li><strong>No hay cancelaciones ni reembolsos\u00a0 <\/strong><\/li>\n<li><strong>En caso de que no puedas asistir, tu entrada puede ser transferida a quien tu decidas darle tu acceso<\/strong><\/li>\n<li><strong>La compra de esta experiencia es v\u00e1lida para una sola persona<\/strong><\/li>\n<\/ul>\n<div>\n<p>&nbsp;<\/p>\n<p>&nbsp;<\/p>\n<\/div>","protected":false},"featured_media":5361,"template":"","meta":[],"product_brand":[],"product_cat":[77],"product_tag":[],"class_list":{"0":"post-4836","1":"product","2":"type-product","3":"status-publish","4":"has-post-thumbnail","6":"product_cat-retiros","8":"first","9":"instock","10":"virtual","11":"sold-individually","12":"purchasable","13":"product-type-simple"},"yoast_head":"<!-- This site is optimized with the Yoast SEO plugin v27.5 - https:\/\/yoast.com\/product\/yoast-seo-wordpress\/ -->\n<title>Retiro - Roots - El ojo que ve la luz<\/title>\n<meta name=\"robots\" content=\"index, follow, max-snippet:-1, max-image-preview:large, max-video-preview:-1\" \/>\n<link rel=\"canonical\" href=\"https:\/\/elojoquevelaluz.com\/es\/product\/roots\/\" \/>\n<meta property=\"og:locale\" content=\"es_ES\" \/>\n<meta property=\"og:type\" content=\"article\" \/>\n<meta property=\"og:title\" content=\"Retiro - Roots - El ojo que ve la luz\" \/>\n<meta property=\"og:description\" content=\"Roots te invita a reconectar con lo que te sostiene. Regresar a tus ra\u00edces es la mejor manera de retomar tu camino a conectar con tu esencia cuando queremos ver un cambio en lo que vemos afuera. \u2728\ud83d\udcab  \ud83d\udcc5 8 al 10 de marzo del 2024. \ud83d\udccd Boxque Teva. \ud83c\udf32  Tu viaje hacia el auto descubrimiento comienza aqu\u00ed. Convierte el cambio en una experiencia \u00fanica.  Todo incluido: - 3 d\u00edas y 2 noches de hospedaje. - Comidas. - Hike. - Cuencos. - Journal. - Static Dance. - Meditaci\u00f3n. - Coffee breaks. - Estacionamiento  Aparta tu lugar por DM, WhatsApp al 446 112 3440 o al correo elojoquevelaluz@gmail.com  S\u00famate a nosotras y vive una experiencia \u00fanica para cambiar tu energ\u00eda. \ud83d\udcab   No hay cancelaciones ni reembolsos\u00a0   En caso de que no puedas asistir, tu entrada puede ser transferida a quien tu decidas darle tu acceso  La compra de esta experiencia es v\u00e1lida para una sola persona    &nbsp;  &nbsp;\" \/>\n<meta property=\"og:url\" content=\"https:\/\/elojoquevelaluz.com\/es\/product\/roots\/\" \/>\n<meta property=\"og:site_name\" content=\"El ojo que ve la luz\" \/>\n<meta property=\"article:modified_time\" content=\"2023-12-18T06:32:04+00:00\" \/>\n<meta property=\"og:image\" content=\"https:\/\/elojoquevelaluz.com\/wp-content\/uploads\/2023\/07\/WhatsApp-Image-2023-11-16-at-14.28.11.jpeg\" \/>\n\t<meta property=\"og:image:width\" content=\"1280\" \/>\n\t<meta property=\"og:image:height\" content=\"1600\" \/>\n\t<meta property=\"og:image:type\" content=\"image\/jpeg\" \/>\n<meta name=\"twitter:card\" content=\"summary_large_image\" \/>\n<script type=\"application\/ld+json\" class=\"yoast-schema-graph\">{\"@context\":\"https:\\\/\\\/schema.org\",\"@graph\":[{\"@type\":\"WebPage\",\"@id\":\"https:\\\/\\\/elojoquevelaluz.com\\\/producto\\\/roots\\\/\",\"url\":\"https:\\\/\\\/elojoquevelaluz.com\\\/producto\\\/roots\\\/\",\"name\":\"Retiro - Roots - El ojo que ve la luz\",\"isPartOf\":{\"@id\":\"https:\\\/\\\/elojoquevelaluz.com\\\/#website\"},\"primaryImageOfPage\":{\"@id\":\"https:\\\/\\\/elojoquevelaluz.com\\\/producto\\\/roots\\\/#primaryimage\"},\"image\":{\"@id\":\"https:\\\/\\\/elojoquevelaluz.com\\\/producto\\\/roots\\\/#primaryimage\"},\"thumbnailUrl\":\"https:\\\/\\\/elojoquevelaluz.com\\\/wp-content\\\/uploads\\\/2023\\\/07\\\/WhatsApp-Image-2023-11-16-at-14.28.11.jpeg\",\"datePublished\":\"2023-07-08T00:40:24+00:00\",\"dateModified\":\"2023-12-18T06:32:04+00:00\",\"breadcrumb\":{\"@id\":\"https:\\\/\\\/elojoquevelaluz.com\\\/producto\\\/roots\\\/#breadcrumb\"},\"inLanguage\":\"es\",\"potentialAction\":[{\"@type\":\"ReadAction\",\"target\":[\"https:\\\/\\\/elojoquevelaluz.com\\\/producto\\\/roots\\\/\"]}]},{\"@type\":\"ImageObject\",\"inLanguage\":\"es\",\"@id\":\"https:\\\/\\\/elojoquevelaluz.com\\\/producto\\\/roots\\\/#primaryimage\",\"url\":\"https:\\\/\\\/elojoquevelaluz.com\\\/wp-content\\\/uploads\\\/2023\\\/07\\\/WhatsApp-Image-2023-11-16-at-14.28.11.jpeg\",\"contentUrl\":\"https:\\\/\\\/elojoquevelaluz.com\\\/wp-content\\\/uploads\\\/2023\\\/07\\\/WhatsApp-Image-2023-11-16-at-14.28.11.jpeg\",\"width\":1280,\"height\":1600},{\"@type\":\"BreadcrumbList\",\"@id\":\"https:\\\/\\\/elojoquevelaluz.com\\\/producto\\\/roots\\\/#breadcrumb\",\"itemListElement\":[{\"@type\":\"ListItem\",\"position\":1,\"name\":\"Portada\",\"item\":\"https:\\\/\\\/elojoquevelaluz.com\\\/\"},{\"@type\":\"ListItem\",\"position\":2,\"name\":\"Productos\",\"item\":\"https:\\\/\\\/elojoquevelaluz.com\\\/products\\\/\"},{\"@type\":\"ListItem\",\"position\":3,\"name\":\"Retiro &#8211; Roots\"}]},{\"@type\":\"WebSite\",\"@id\":\"https:\\\/\\\/elojoquevelaluz.com\\\/#website\",\"url\":\"https:\\\/\\\/elojoquevelaluz.com\\\/\",\"name\":\"El ojo que ve la luz\",\"description\":\"El ojo que ve la luz\",\"publisher\":{\"@id\":\"https:\\\/\\\/elojoquevelaluz.com\\\/#\\\/schema\\\/person\\\/6bcd426868338c774776625487da6cbe\"},\"potentialAction\":[{\"@type\":\"SearchAction\",\"target\":{\"@type\":\"EntryPoint\",\"urlTemplate\":\"https:\\\/\\\/elojoquevelaluz.com\\\/?s={search_term_string}\"},\"query-input\":{\"@type\":\"PropertyValueSpecification\",\"valueRequired\":true,\"valueName\":\"search_term_string\"}}],\"inLanguage\":\"es\"},{\"@type\":[\"Person\",\"Organization\"],\"@id\":\"https:\\\/\\\/elojoquevelaluz.com\\\/#\\\/schema\\\/person\\\/6bcd426868338c774776625487da6cbe\",\"name\":\"El ojo que ve la luz\",\"image\":{\"@type\":\"ImageObject\",\"inLanguage\":\"es\",\"@id\":\"https:\\\/\\\/elojoquevelaluz.com\\\/wp-content\\\/uploads\\\/2023\\\/03\\\/El-ojo-que-ve-la-luz-.png\",\"url\":\"https:\\\/\\\/elojoquevelaluz.com\\\/wp-content\\\/uploads\\\/2023\\\/03\\\/El-ojo-que-ve-la-luz-.png\",\"contentUrl\":\"https:\\\/\\\/elojoquevelaluz.com\\\/wp-content\\\/uploads\\\/2023\\\/03\\\/El-ojo-que-ve-la-luz-.png\",\"width\":600,\"height\":174,\"caption\":\"El ojo que ve la luz\"},\"logo\":{\"@id\":\"https:\\\/\\\/elojoquevelaluz.com\\\/wp-content\\\/uploads\\\/2023\\\/03\\\/El-ojo-que-ve-la-luz-.png\"}}]}<\/script>\n<!-- \/ Yoast SEO plugin. -->","yoast_head_json":{"title":"Retiro - Roots - El ojo que ve la luz","robots":{"index":"index","follow":"follow","max-snippet":"max-snippet:-1","max-image-preview":"max-image-preview:large","max-video-preview":"max-video-preview:-1"},"canonical":"https:\/\/elojoquevelaluz.com\/es\/product\/roots\/","og_locale":"es_ES","og_type":"article","og_title":"Retiro - Roots - El ojo que ve la luz","og_description":"Roots te invita a reconectar con lo que te sostiene. Regresar a tus ra\u00edces es la mejor manera de retomar tu camino a conectar con tu esencia cuando queremos ver un cambio en lo que vemos afuera. \u2728\ud83d\udcab  \ud83d\udcc5 8 al 10 de marzo del 2024. \ud83d\udccd Boxque Teva. \ud83c\udf32  Tu viaje hacia el auto descubrimiento comienza aqu\u00ed. Convierte el cambio en una experiencia \u00fanica.  Todo incluido: - 3 d\u00edas y 2 noches de hospedaje. - Comidas. - Hike. - Cuencos. - Journal. - Static Dance. - Meditaci\u00f3n. - Coffee breaks. - Estacionamiento  Aparta tu lugar por DM, WhatsApp al 446 112 3440 o al correo elojoquevelaluz@gmail.com  S\u00famate a nosotras y vive una experiencia \u00fanica para cambiar tu energ\u00eda. \ud83d\udcab   No hay cancelaciones ni reembolsos\u00a0   En caso de que no puedas asistir, tu entrada puede ser transferida a quien tu decidas darle tu acceso  La compra de esta experiencia es v\u00e1lida para una sola persona    &nbsp;  &nbsp;","og_url":"https:\/\/elojoquevelaluz.com\/es\/product\/roots\/","og_site_name":"El ojo que ve la luz","article_modified_time":"2023-12-18T06:32:04+00:00","og_image":[{"width":1280,"height":1600,"url":"https:\/\/elojoquevelaluz.com\/wp-content\/uploads\/2023\/07\/WhatsApp-Image-2023-11-16-at-14.28.11.jpeg","type":"image\/jpeg"}],"twitter_card":"summary_large_image","schema":{"@context":"https:\/\/schema.org","@graph":[{"@type":"WebPage","@id":"https:\/\/elojoquevelaluz.com\/producto\/roots\/","url":"https:\/\/elojoquevelaluz.com\/producto\/roots\/","name":"Retiro - Roots - El ojo que ve la luz","isPartOf":{"@id":"https:\/\/elojoquevelaluz.com\/#website"},"primaryImageOfPage":{"@id":"https:\/\/elojoquevelaluz.com\/producto\/roots\/#primaryimage"},"image":{"@id":"https:\/\/elojoquevelaluz.com\/producto\/roots\/#primaryimage"},"thumbnailUrl":"https:\/\/elojoquevelaluz.com\/wp-content\/uploads\/2023\/07\/WhatsApp-Image-2023-11-16-at-14.28.11.jpeg","datePublished":"2023-07-08T00:40:24+00:00","dateModified":"2023-12-18T06:32:04+00:00","breadcrumb":{"@id":"https:\/\/elojoquevelaluz.com\/producto\/roots\/#breadcrumb"},"inLanguage":"es","potentialAction":[{"@type":"ReadAction","target":["https:\/\/elojoquevelaluz.com\/producto\/roots\/"]}]},{"@type":"ImageObject","inLanguage":"es","@id":"https:\/\/elojoquevelaluz.com\/producto\/roots\/#primaryimage","url":"https:\/\/elojoquevelaluz.com\/wp-content\/uploads\/2023\/07\/WhatsApp-Image-2023-11-16-at-14.28.11.jpeg","contentUrl":"https:\/\/elojoquevelaluz.com\/wp-content\/uploads\/2023\/07\/WhatsApp-Image-2023-11-16-at-14.28.11.jpeg","width":1280,"height":1600},{"@type":"BreadcrumbList","@id":"https:\/\/elojoquevelaluz.com\/producto\/roots\/#breadcrumb","itemListElement":[{"@type":"ListItem","position":1,"name":"Portada","item":"https:\/\/elojoquevelaluz.com\/"},{"@type":"ListItem","position":2,"name":"Productos","item":"https:\/\/elojoquevelaluz.com\/products\/"},{"@type":"ListItem","position":3,"name":"Retiro &#8211; Roots"}]},{"@type":"WebSite","@id":"https:\/\/elojoquevelaluz.com\/#website","url":"https:\/\/elojoquevelaluz.com\/","name":"El ojo que ve la luz","description":"El ojo que ve la luz","publisher":{"@id":"https:\/\/elojoquevelaluz.com\/#\/schema\/person\/6bcd426868338c774776625487da6cbe"},"potentialAction":[{"@type":"SearchAction","target":{"@type":"EntryPoint","urlTemplate":"https:\/\/elojoquevelaluz.com\/?s={search_term_string}"},"query-input":{"@type":"PropertyValueSpecification","valueRequired":true,"valueName":"search_term_string"}}],"inLanguage":"es"},{"@type":["Person","Organization"],"@id":"https:\/\/elojoquevelaluz.com\/#\/schema\/person\/6bcd426868338c774776625487da6cbe","name":"El ojo que ve la luz","image":{"@type":"ImageObject","inLanguage":"es","@id":"https:\/\/elojoquevelaluz.com\/wp-content\/uploads\/2023\/03\/El-ojo-que-ve-la-luz-.png","url":"https:\/\/elojoquevelaluz.com\/wp-content\/uploads\/2023\/03\/El-ojo-que-ve-la-luz-.png","contentUrl":"https:\/\/elojoquevelaluz.com\/wp-content\/uploads\/2023\/03\/El-ojo-que-ve-la-luz-.png","width":600,"height":174,"caption":"El ojo que ve la luz"},"logo":{"@id":"https:\/\/elojoquevelaluz.com\/wp-content\/uploads\/2023\/03\/El-ojo-que-ve-la-luz-.png"}}]}},"_links":{"self":[{"href":"https:\/\/elojoquevelaluz.com\/es\/wp-json\/wp\/v2\/product\/4836","targetHints":{"allow":["GET"]}}],"collection":[{"href":"https:\/\/elojoquevelaluz.com\/es\/wp-json\/wp\/v2\/product"}],"about":[{"href":"https:\/\/elojoquevelaluz.com\/es\/wp-json\/wp\/v2\/types\/product"}],"wp:featuredmedia":[{"embeddable":true,"href":"https:\/\/elojoquevelaluz.com\/es\/wp-json\/wp\/v2\/media\/5361"}],"wp:attachment":[{"href":"https:\/\/elojoquevelaluz.com\/es\/wp-json\/wp\/v2\/media?parent=4836"}],"wp:term":[{"taxonomy":"product_brand","embeddable":true,"href":"https:\/\/elojoquevelaluz.com\/es\/wp-json\/wp\/v2\/product_brand?post=4836"},{"taxonomy":"product_cat","embeddable":true,"href":"https:\/\/elojoquevelaluz.com\/es\/wp-json\/wp\/v2\/product_cat?post=4836"},{"taxonomy":"product_tag","embeddable":true,"href":"https:\/\/elojoquevelaluz.com\/es\/wp-json\/wp\/v2\/product_tag?post=4836"}],"curies":[{"name":"wp","href":"https:\/\/api.w.org\/{rel}","templated":true}]}}

<p>Roots te invita a reconectar con lo que te sostiene. Regresar a tus raíces es la mejor manera de retomar tu camino a conectar con tu esencia cuando queremos ver un cambio en lo que vemos afuera. ✨💫</p>
<p>📅 8 al 10 de marzo del 2024.<br />
📍 Boxque Teva. 🌲</p>
<p>Tu viaje hacia el auto descubrimiento comienza aquí. Convierte el cambio en una experiencia única.</p>
<p>Todo incluido:<br />
&#8211; 3 días y 2 noches de hospedaje.<br />
&#8211; Comidas.<br />
&#8211; Hike.<br />
&#8211; Cuencos.<br />
&#8211; Journal.<br />
&#8211; Static Dance.<br />
&#8211; Meditación.<br />
&#8211; Coffee breaks.<br />
&#8211; Estacionamiento</p>
<p>Aparta tu lugar por DM, WhatsApp al 446 112 3440 o al correo elojoquevelaluz@gmail.com</p>
<p>Súmate a nosotras y vive una experiencia única para cambiar tu energía. 💫</p>
<ul>
<li><strong>No hay cancelaciones ni reembolsos  </strong></li>
<li><strong>En caso de que no puedas asistir, tu entrada puede ser transferida a quien tu decidas darle tu acceso</strong></li>
<li><strong>La compra de esta experiencia es válida para una sola persona</strong></li>
</ul>
<div>
<p>&nbsp;</p>
<p>&nbsp;</p>
</div>

<!-- This site is optimized with the Yoast SEO plugin v27.5 - https://yoast.com/product/yoast-seo-wordpress/ -->
<title>Retiro - Roots - El ojo que ve la luz</title>
<meta name="robots" content="index, follow, max-snippet:-1, max-image-preview:large, max-video-preview:-1" />
<link rel="canonical" href="https://elojoquevelaluz.com/es/product/roots/" />
<meta property="og:locale" content="es_ES" />
<meta property="og:type" content="article" />
<meta property="og:title" content="Retiro - Roots - El ojo que ve la luz" />
<meta property="og:description" content="Roots te invita a reconectar con lo que te sostiene. Regresar a tus raíces es la mejor manera de retomar tu camino a conectar con tu esencia cuando queremos ver un cambio en lo que vemos afuera. ✨💫  📅 8 al 10 de marzo del 2024. 📍 Boxque Teva. 🌲  Tu viaje hacia el auto descubrimiento comienza aquí. Convierte el cambio en una experiencia única.  Todo incluido: - 3 días y 2 noches de hospedaje. - Comidas. - Hike. - Cuencos. - Journal. - Static Dance. - Meditación. - Coffee breaks. - Estacionamiento  Aparta tu lugar por DM, WhatsApp al 446 112 3440 o al correo elojoquevelaluz@gmail.com  Súmate a nosotras y vive una experiencia única para cambiar tu energía. 💫   No hay cancelaciones ni reembolsos    En caso de que no puedas asistir, tu entrada puede ser transferida a quien tu decidas darle tu acceso  La compra de esta experiencia es válida para una sola persona    &nbsp;  &nbsp;" />
<meta property="og:url" content="https://elojoquevelaluz.com/es/product/roots/" />
<meta property="og:site_name" content="El ojo que ve la luz" />
<meta property="article:modified_time" content="2023-12-18T06:32:04+00:00" />
<meta property="og:image" content="https://elojoquevelaluz.com/wp-content/uploads/2023/07/WhatsApp-Image-2023-11-16-at-14.28.11.jpeg" />
	<meta property="og:image:width" content="1280" />
	<meta property="og:image:height" content="1600" />
	<meta property="og:image:type" content="image/jpeg" />
<meta name="twitter:card" content="summary_large_image" />
<script type="application/ld+json" class="yoast-schema-graph">{"@context":"https:\/\/schema.org","@graph":[{"@type":"WebPage","@id":"https:\/\/elojoquevelaluz.com\/producto\/roots\/","url":"https:\/\/elojoquevelaluz.com\/producto\/roots\/","name":"Retiro - Roots - El ojo que ve la luz","isPartOf":{"@id":"https:\/\/elojoquevelaluz.com\/#website"},"primaryImageOfPage":{"@id":"https:\/\/elojoquevelaluz.com\/producto\/roots\/#primaryimage"},"image":{"@id":"https:\/\/elojoquevelaluz.com\/producto\/roots\/#primaryimage"},"thumbnailUrl":"https:\/\/elojoquevelaluz.com\/wp-content\/uploads\/2023\/07\/WhatsApp-Image-2023-11-16-at-14.28.11.jpeg","datePublished":"2023-07-08T00:40:24+00:00","dateModified":"2023-12-18T06:32:04+00:00","breadcrumb":{"@id":"https:\/\/elojoquevelaluz.com\/producto\/roots\/#breadcrumb"},"inLanguage":"es","potentialAction":[{"@type":"ReadAction","target":["https:\/\/elojoquevelaluz.com\/producto\/roots\/"]}]},{"@type":"ImageObject","inLanguage":"es","@id":"https:\/\/elojoquevelaluz.com\/producto\/roots\/#primaryimage","url":"https:\/\/elojoquevelaluz.com\/wp-content\/uploads\/2023\/07\/WhatsApp-Image-2023-11-16-at-14.28.11.jpeg","contentUrl":"https:\/\/elojoquevelaluz.com\/wp-content\/uploads\/2023\/07\/WhatsApp-Image-2023-11-16-at-14.28.11.jpeg","width":1280,"height":1600},{"@type":"BreadcrumbList","@id":"https:\/\/elojoquevelaluz.com\/producto\/roots\/#breadcrumb","itemListElement":[{"@type":"ListItem","position":1,"name":"Portada","item":"https:\/\/elojoquevelaluz.com\/"},{"@type":"ListItem","position":2,"name":"Productos","item":"https:\/\/elojoquevelaluz.com\/products\/"},{"@type":"ListItem","position":3,"name":"Retiro &#8211; Roots"}]},{"@type":"WebSite","@id":"https:\/\/elojoquevelaluz.com\/#website","url":"https:\/\/elojoquevelaluz.com\/","name":"El ojo que ve la luz","description":"El ojo que ve la luz","publisher":{"@id":"https:\/\/elojoquevelaluz.com\/#\/schema\/person\/6bcd426868338c774776625487da6cbe"},"potentialAction":[{"@type":"SearchAction","target":{"@type":"EntryPoint","urlTemplate":"https:\/\/elojoquevelaluz.com\/?s={search_term_string}"},"query-input":{"@type":"PropertyValueSpecification","valueRequired":true,"valueName":"search_term_string"}}],"inLanguage":"es"},{"@type":["Person","Organization"],"@id":"https:\/\/elojoquevelaluz.com\/#\/schema\/person\/6bcd426868338c774776625487da6cbe","name":"El ojo que ve la luz","image":{"@type":"ImageObject","inLanguage":"es","@id":"https:\/\/elojoquevelaluz.com\/wp-content\/uploads\/2023\/03\/El-ojo-que-ve-la-luz-.png","url":"https:\/\/elojoquevelaluz.com\/wp-content\/uploads\/2023\/03\/El-ojo-que-ve-la-luz-.png","contentUrl":"https:\/\/elojoquevelaluz.com\/wp-content\/uploads\/2023\/03\/El-ojo-que-ve-la-luz-.png","width":600,"height":174,"caption":"El ojo que ve la luz"},"logo":{"@id":"https:\/\/elojoquevelaluz.com\/wp-content\/uploads\/2023\/03\/El-ojo-que-ve-la-luz-.png"}}]}</script>
<!-- / Yoast SEO plugin. -->

Roots te invita a reconectar con lo que te sostiene. Regresar a tus raíces es la mejor manera de retomar tu camino a conectar con tu esencia cuando queremos ver un cambio en lo que vemos afuera. ✨💫  📅 8 al 10 de marzo del 2024. 📍 Boxque Teva. 🌲  Tu viaje hacia el auto descubrimiento comienza aquí. Convierte el cambio en una experiencia única.  Todo incluido: - 3 días y 2 noches de hospedaje. - Comidas. - Hike. - Cuencos. - Journal. - Static Dance. - Meditación. - Coffee breaks. - Estacionamiento  Aparta tu lugar por DM, WhatsApp al 446 112 3440 o al correo elojoquevelaluz@gmail.com  Súmate a nosotras y vive una experiencia única para cambiar tu energía. 💫   No hay cancelaciones ni reembolsos    En caso de que no puedas asistir, tu entrada puede ser transferida a quien tu decidas darle tu acceso  La compra de esta experiencia es válida para una sola persona    &nbsp;  &nbsp;
