{"id":2601,"date":"2023-03-26T23:54:16","date_gmt":"2023-03-26T23:54:16","guid":{"rendered":"https:\/\/elojoquevelaluz.com\/?post_type=product&#038;p=2601"},"modified":"2024-01-18T08:22:17","modified_gmt":"2024-01-18T14:22:17","slug":"curso-emociones","status":"publish","type":"product","link":"https:\/\/elojoquevelaluz.com\/es\/product\/curso-emociones\/","title":{"rendered":"Curso emociones"},"content":{"rendered":"","protected":false},"excerpt":{"rendered":"<p>Las emociones pueden ser la br\u00fajula que no est\u00e1s sabiendo leer para llegar al destino que quieres.<\/p>\n<p>Si puedes entender porque te sientes como te sientes podr\u00e1s poner l\u00edmites asertivos, decirle s\u00ed al movimiento y entender con compasi\u00f3n por qu\u00e9 y para qu\u00e9 est\u00e1n ah\u00ed las emociones.<\/p>\n<p>4 clases, el curso completo tiene una duraci\u00f3n de 2 horas. <a href=\"https:\/\/elojoquevelaluz.com\/es\/step\/cursos-emocioness\/\"><strong>Consulta el temario aqu\u00ed<\/strong><\/a><\/p>","protected":false},"featured_media":3228,"template":"","meta":[],"product_brand":[],"product_cat":[29],"product_tag":[],"class_list":{"0":"post-2601","1":"product","2":"type-product","3":"status-publish","4":"has-post-thumbnail","6":"product_cat-curso","8":"first","9":"instock","10":"virtual","11":"sold-individually","12":"purchasable","13":"product-type-course"},"yoast_head":"<!-- This site is optimized with the Yoast SEO plugin v27.5 - https:\/\/yoast.com\/product\/yoast-seo-wordpress\/ -->\n<title>Curso emociones - El ojo que ve la luz<\/title>\n<meta name=\"robots\" content=\"index, follow, max-snippet:-1, max-image-preview:large, max-video-preview:-1\" \/>\n<link rel=\"canonical\" href=\"https:\/\/elojoquevelaluz.com\/es\/product\/curso-emociones\/\" \/>\n<meta property=\"og:locale\" content=\"es_ES\" \/>\n<meta property=\"og:type\" content=\"article\" \/>\n<meta property=\"og:title\" content=\"Curso emociones - El ojo que ve la luz\" \/>\n<meta property=\"og:description\" content=\"Las emociones pueden ser la br\u00fajula que no est\u00e1s sabiendo leer para llegar al destino que quieres.  Si puedes entender porque te sientes como te sientes podr\u00e1s poner l\u00edmites asertivos, decirle s\u00ed al movimiento y entender con compasi\u00f3n por qu\u00e9 y para qu\u00e9 est\u00e1n ah\u00ed las emociones.  4 clases, el curso completo tiene una duraci\u00f3n de 2 horas. Consulta el temario aqu\u00ed\" \/>\n<meta property=\"og:url\" content=\"https:\/\/elojoquevelaluz.com\/es\/product\/curso-emociones\/\" \/>\n<meta property=\"og:site_name\" content=\"El ojo que ve la luz\" \/>\n<meta property=\"article:modified_time\" content=\"2024-01-18T14:22:17+00:00\" \/>\n<meta property=\"og:image\" content=\"https:\/\/elojoquevelaluz.com\/wp-content\/uploads\/2023\/04\/Captura-de-pantalla-2023-04-11-a-las-21.03.25.jpg\" \/>\n\t<meta property=\"og:image:width\" content=\"700\" \/>\n\t<meta property=\"og:image:height\" content=\"361\" \/>\n\t<meta property=\"og:image:type\" content=\"image\/jpeg\" \/>\n<meta name=\"twitter:card\" content=\"summary_large_image\" \/>\n<script type=\"application\/ld+json\" class=\"yoast-schema-graph\">{\"@context\":\"https:\\\/\\\/schema.org\",\"@graph\":[{\"@type\":\"WebPage\",\"@id\":\"https:\\\/\\\/elojoquevelaluz.com\\\/producto\\\/curso-emociones\\\/\",\"url\":\"https:\\\/\\\/elojoquevelaluz.com\\\/producto\\\/curso-emociones\\\/\",\"name\":\"Curso emociones - El ojo que ve la luz\",\"isPartOf\":{\"@id\":\"https:\\\/\\\/elojoquevelaluz.com\\\/#website\"},\"primaryImageOfPage\":{\"@id\":\"https:\\\/\\\/elojoquevelaluz.com\\\/producto\\\/curso-emociones\\\/#primaryimage\"},\"image\":{\"@id\":\"https:\\\/\\\/elojoquevelaluz.com\\\/producto\\\/curso-emociones\\\/#primaryimage\"},\"thumbnailUrl\":\"https:\\\/\\\/elojoquevelaluz.com\\\/wp-content\\\/uploads\\\/2023\\\/04\\\/Captura-de-pantalla-2023-04-11-a-las-21.03.25.jpg\",\"datePublished\":\"2023-03-26T23:54:16+00:00\",\"dateModified\":\"2024-01-18T14:22:17+00:00\",\"breadcrumb\":{\"@id\":\"https:\\\/\\\/elojoquevelaluz.com\\\/producto\\\/curso-emociones\\\/#breadcrumb\"},\"inLanguage\":\"es\",\"potentialAction\":[{\"@type\":\"ReadAction\",\"target\":[\"https:\\\/\\\/elojoquevelaluz.com\\\/producto\\\/curso-emociones\\\/\"]}]},{\"@type\":\"ImageObject\",\"inLanguage\":\"es\",\"@id\":\"https:\\\/\\\/elojoquevelaluz.com\\\/producto\\\/curso-emociones\\\/#primaryimage\",\"url\":\"https:\\\/\\\/elojoquevelaluz.com\\\/wp-content\\\/uploads\\\/2023\\\/04\\\/Captura-de-pantalla-2023-04-11-a-las-21.03.25.jpg\",\"contentUrl\":\"https:\\\/\\\/elojoquevelaluz.com\\\/wp-content\\\/uploads\\\/2023\\\/04\\\/Captura-de-pantalla-2023-04-11-a-las-21.03.25.jpg\",\"width\":700,\"height\":361},{\"@type\":\"BreadcrumbList\",\"@id\":\"https:\\\/\\\/elojoquevelaluz.com\\\/producto\\\/curso-emociones\\\/#breadcrumb\",\"itemListElement\":[{\"@type\":\"ListItem\",\"position\":1,\"name\":\"Portada\",\"item\":\"https:\\\/\\\/elojoquevelaluz.com\\\/\"},{\"@type\":\"ListItem\",\"position\":2,\"name\":\"Productos\",\"item\":\"https:\\\/\\\/elojoquevelaluz.com\\\/products\\\/\"},{\"@type\":\"ListItem\",\"position\":3,\"name\":\"Curso emociones\"}]},{\"@type\":\"WebSite\",\"@id\":\"https:\\\/\\\/elojoquevelaluz.com\\\/#website\",\"url\":\"https:\\\/\\\/elojoquevelaluz.com\\\/\",\"name\":\"El ojo que ve la luz\",\"description\":\"El ojo que ve la luz\",\"publisher\":{\"@id\":\"https:\\\/\\\/elojoquevelaluz.com\\\/#\\\/schema\\\/person\\\/6bcd426868338c774776625487da6cbe\"},\"potentialAction\":[{\"@type\":\"SearchAction\",\"target\":{\"@type\":\"EntryPoint\",\"urlTemplate\":\"https:\\\/\\\/elojoquevelaluz.com\\\/?s={search_term_string}\"},\"query-input\":{\"@type\":\"PropertyValueSpecification\",\"valueRequired\":true,\"valueName\":\"search_term_string\"}}],\"inLanguage\":\"es\"},{\"@type\":[\"Person\",\"Organization\"],\"@id\":\"https:\\\/\\\/elojoquevelaluz.com\\\/#\\\/schema\\\/person\\\/6bcd426868338c774776625487da6cbe\",\"name\":\"El ojo que ve la luz\",\"image\":{\"@type\":\"ImageObject\",\"inLanguage\":\"es\",\"@id\":\"https:\\\/\\\/elojoquevelaluz.com\\\/wp-content\\\/uploads\\\/2023\\\/03\\\/El-ojo-que-ve-la-luz-.png\",\"url\":\"https:\\\/\\\/elojoquevelaluz.com\\\/wp-content\\\/uploads\\\/2023\\\/03\\\/El-ojo-que-ve-la-luz-.png\",\"contentUrl\":\"https:\\\/\\\/elojoquevelaluz.com\\\/wp-content\\\/uploads\\\/2023\\\/03\\\/El-ojo-que-ve-la-luz-.png\",\"width\":600,\"height\":174,\"caption\":\"El ojo que ve la luz\"},\"logo\":{\"@id\":\"https:\\\/\\\/elojoquevelaluz.com\\\/wp-content\\\/uploads\\\/2023\\\/03\\\/El-ojo-que-ve-la-luz-.png\"}}]}<\/script>\n<!-- \/ Yoast SEO plugin. -->","yoast_head_json":{"title":"Curso emociones - El ojo que ve la luz","robots":{"index":"index","follow":"follow","max-snippet":"max-snippet:-1","max-image-preview":"max-image-preview:large","max-video-preview":"max-video-preview:-1"},"canonical":"https:\/\/elojoquevelaluz.com\/es\/product\/curso-emociones\/","og_locale":"es_ES","og_type":"article","og_title":"Curso emociones - El ojo que ve la luz","og_description":"Las emociones pueden ser la br\u00fajula que no est\u00e1s sabiendo leer para llegar al destino que quieres.  Si puedes entender porque te sientes como te sientes podr\u00e1s poner l\u00edmites asertivos, decirle s\u00ed al movimiento y entender con compasi\u00f3n por qu\u00e9 y para qu\u00e9 est\u00e1n ah\u00ed las emociones.  4 clases, el curso completo tiene una duraci\u00f3n de 2 horas. Consulta el temario aqu\u00ed","og_url":"https:\/\/elojoquevelaluz.com\/es\/product\/curso-emociones\/","og_site_name":"El ojo que ve la luz","article_modified_time":"2024-01-18T14:22:17+00:00","og_image":[{"width":700,"height":361,"url":"https:\/\/elojoquevelaluz.com\/wp-content\/uploads\/2023\/04\/Captura-de-pantalla-2023-04-11-a-las-21.03.25.jpg","type":"image\/jpeg"}],"twitter_card":"summary_large_image","schema":{"@context":"https:\/\/schema.org","@graph":[{"@type":"WebPage","@id":"https:\/\/elojoquevelaluz.com\/producto\/curso-emociones\/","url":"https:\/\/elojoquevelaluz.com\/producto\/curso-emociones\/","name":"Curso emociones - El ojo que ve la luz","isPartOf":{"@id":"https:\/\/elojoquevelaluz.com\/#website"},"primaryImageOfPage":{"@id":"https:\/\/elojoquevelaluz.com\/producto\/curso-emociones\/#primaryimage"},"image":{"@id":"https:\/\/elojoquevelaluz.com\/producto\/curso-emociones\/#primaryimage"},"thumbnailUrl":"https:\/\/elojoquevelaluz.com\/wp-content\/uploads\/2023\/04\/Captura-de-pantalla-2023-04-11-a-las-21.03.25.jpg","datePublished":"2023-03-26T23:54:16+00:00","dateModified":"2024-01-18T14:22:17+00:00","breadcrumb":{"@id":"https:\/\/elojoquevelaluz.com\/producto\/curso-emociones\/#breadcrumb"},"inLanguage":"es","potentialAction":[{"@type":"ReadAction","target":["https:\/\/elojoquevelaluz.com\/producto\/curso-emociones\/"]}]},{"@type":"ImageObject","inLanguage":"es","@id":"https:\/\/elojoquevelaluz.com\/producto\/curso-emociones\/#primaryimage","url":"https:\/\/elojoquevelaluz.com\/wp-content\/uploads\/2023\/04\/Captura-de-pantalla-2023-04-11-a-las-21.03.25.jpg","contentUrl":"https:\/\/elojoquevelaluz.com\/wp-content\/uploads\/2023\/04\/Captura-de-pantalla-2023-04-11-a-las-21.03.25.jpg","width":700,"height":361},{"@type":"BreadcrumbList","@id":"https:\/\/elojoquevelaluz.com\/producto\/curso-emociones\/#breadcrumb","itemListElement":[{"@type":"ListItem","position":1,"name":"Portada","item":"https:\/\/elojoquevelaluz.com\/"},{"@type":"ListItem","position":2,"name":"Productos","item":"https:\/\/elojoquevelaluz.com\/products\/"},{"@type":"ListItem","position":3,"name":"Curso emociones"}]},{"@type":"WebSite","@id":"https:\/\/elojoquevelaluz.com\/#website","url":"https:\/\/elojoquevelaluz.com\/","name":"El ojo que ve la luz","description":"El ojo que ve la luz","publisher":{"@id":"https:\/\/elojoquevelaluz.com\/#\/schema\/person\/6bcd426868338c774776625487da6cbe"},"potentialAction":[{"@type":"SearchAction","target":{"@type":"EntryPoint","urlTemplate":"https:\/\/elojoquevelaluz.com\/?s={search_term_string}"},"query-input":{"@type":"PropertyValueSpecification","valueRequired":true,"valueName":"search_term_string"}}],"inLanguage":"es"},{"@type":["Person","Organization"],"@id":"https:\/\/elojoquevelaluz.com\/#\/schema\/person\/6bcd426868338c774776625487da6cbe","name":"El ojo que ve la luz","image":{"@type":"ImageObject","inLanguage":"es","@id":"https:\/\/elojoquevelaluz.com\/wp-content\/uploads\/2023\/03\/El-ojo-que-ve-la-luz-.png","url":"https:\/\/elojoquevelaluz.com\/wp-content\/uploads\/2023\/03\/El-ojo-que-ve-la-luz-.png","contentUrl":"https:\/\/elojoquevelaluz.com\/wp-content\/uploads\/2023\/03\/El-ojo-que-ve-la-luz-.png","width":600,"height":174,"caption":"El ojo que ve la luz"},"logo":{"@id":"https:\/\/elojoquevelaluz.com\/wp-content\/uploads\/2023\/03\/El-ojo-que-ve-la-luz-.png"}}]}},"_links":{"self":[{"href":"https:\/\/elojoquevelaluz.com\/es\/wp-json\/wp\/v2\/product\/2601","targetHints":{"allow":["GET"]}}],"collection":[{"href":"https:\/\/elojoquevelaluz.com\/es\/wp-json\/wp\/v2\/product"}],"about":[{"href":"https:\/\/elojoquevelaluz.com\/es\/wp-json\/wp\/v2\/types\/product"}],"wp:featuredmedia":[{"embeddable":true,"href":"https:\/\/elojoquevelaluz.com\/es\/wp-json\/wp\/v2\/media\/3228"}],"wp:attachment":[{"href":"https:\/\/elojoquevelaluz.com\/es\/wp-json\/wp\/v2\/media?parent=2601"}],"wp:term":[{"taxonomy":"product_brand","embeddable":true,"href":"https:\/\/elojoquevelaluz.com\/es\/wp-json\/wp\/v2\/product_brand?post=2601"},{"taxonomy":"product_cat","embeddable":true,"href":"https:\/\/elojoquevelaluz.com\/es\/wp-json\/wp\/v2\/product_cat?post=2601"},{"taxonomy":"product_tag","embeddable":true,"href":"https:\/\/elojoquevelaluz.com\/es\/wp-json\/wp\/v2\/product_tag?post=2601"}],"curies":[{"name":"wp","href":"https:\/\/api.w.org\/{rel}","templated":true}]}}

<p>Las emociones pueden ser la brújula que no estás sabiendo leer para llegar al destino que quieres.</p>
<p>Si puedes entender porque te sientes como te sientes podrás poner límites asertivos, decirle sí al movimiento y entender con compasión por qué y para qué están ahí las emociones.</p>
<p>4 clases, el curso completo tiene una duración de 2 horas. <a href="https://elojoquevelaluz.com/es/step/cursos-emocioness/"><strong>Consulta el temario aquí</strong></a></p>

<!-- This site is optimized with the Yoast SEO plugin v27.5 - https://yoast.com/product/yoast-seo-wordpress/ -->
<title>Curso emociones - El ojo que ve la luz</title>
<meta name="robots" content="index, follow, max-snippet:-1, max-image-preview:large, max-video-preview:-1" />
<link rel="canonical" href="https://elojoquevelaluz.com/es/product/curso-emociones/" />
<meta property="og:locale" content="es_ES" />
<meta property="og:type" content="article" />
<meta property="og:title" content="Curso emociones - El ojo que ve la luz" />
<meta property="og:description" content="Las emociones pueden ser la brújula que no estás sabiendo leer para llegar al destino que quieres.  Si puedes entender porque te sientes como te sientes podrás poner límites asertivos, decirle sí al movimiento y entender con compasión por qué y para qué están ahí las emociones.  4 clases, el curso completo tiene una duración de 2 horas. Consulta el temario aquí" />
<meta property="og:url" content="https://elojoquevelaluz.com/es/product/curso-emociones/" />
<meta property="og:site_name" content="El ojo que ve la luz" />
<meta property="article:modified_time" content="2024-01-18T14:22:17+00:00" />
<meta property="og:image" content="https://elojoquevelaluz.com/wp-content/uploads/2023/04/Captura-de-pantalla-2023-04-11-a-las-21.03.25.jpg" />
	<meta property="og:image:width" content="700" />
	<meta property="og:image:height" content="361" />
	<meta property="og:image:type" content="image/jpeg" />
<meta name="twitter:card" content="summary_large_image" />
<script type="application/ld+json" class="yoast-schema-graph">{"@context":"https:\/\/schema.org","@graph":[{"@type":"WebPage","@id":"https:\/\/elojoquevelaluz.com\/producto\/curso-emociones\/","url":"https:\/\/elojoquevelaluz.com\/producto\/curso-emociones\/","name":"Curso emociones - El ojo que ve la luz","isPartOf":{"@id":"https:\/\/elojoquevelaluz.com\/#website"},"primaryImageOfPage":{"@id":"https:\/\/elojoquevelaluz.com\/producto\/curso-emociones\/#primaryimage"},"image":{"@id":"https:\/\/elojoquevelaluz.com\/producto\/curso-emociones\/#primaryimage"},"thumbnailUrl":"https:\/\/elojoquevelaluz.com\/wp-content\/uploads\/2023\/04\/Captura-de-pantalla-2023-04-11-a-las-21.03.25.jpg","datePublished":"2023-03-26T23:54:16+00:00","dateModified":"2024-01-18T14:22:17+00:00","breadcrumb":{"@id":"https:\/\/elojoquevelaluz.com\/producto\/curso-emociones\/#breadcrumb"},"inLanguage":"es","potentialAction":[{"@type":"ReadAction","target":["https:\/\/elojoquevelaluz.com\/producto\/curso-emociones\/"]}]},{"@type":"ImageObject","inLanguage":"es","@id":"https:\/\/elojoquevelaluz.com\/producto\/curso-emociones\/#primaryimage","url":"https:\/\/elojoquevelaluz.com\/wp-content\/uploads\/2023\/04\/Captura-de-pantalla-2023-04-11-a-las-21.03.25.jpg","contentUrl":"https:\/\/elojoquevelaluz.com\/wp-content\/uploads\/2023\/04\/Captura-de-pantalla-2023-04-11-a-las-21.03.25.jpg","width":700,"height":361},{"@type":"BreadcrumbList","@id":"https:\/\/elojoquevelaluz.com\/producto\/curso-emociones\/#breadcrumb","itemListElement":[{"@type":"ListItem","position":1,"name":"Portada","item":"https:\/\/elojoquevelaluz.com\/"},{"@type":"ListItem","position":2,"name":"Productos","item":"https:\/\/elojoquevelaluz.com\/products\/"},{"@type":"ListItem","position":3,"name":"Curso emociones"}]},{"@type":"WebSite","@id":"https:\/\/elojoquevelaluz.com\/#website","url":"https:\/\/elojoquevelaluz.com\/","name":"El ojo que ve la luz","description":"El ojo que ve la luz","publisher":{"@id":"https:\/\/elojoquevelaluz.com\/#\/schema\/person\/6bcd426868338c774776625487da6cbe"},"potentialAction":[{"@type":"SearchAction","target":{"@type":"EntryPoint","urlTemplate":"https:\/\/elojoquevelaluz.com\/?s={search_term_string}"},"query-input":{"@type":"PropertyValueSpecification","valueRequired":true,"valueName":"search_term_string"}}],"inLanguage":"es"},{"@type":["Person","Organization"],"@id":"https:\/\/elojoquevelaluz.com\/#\/schema\/person\/6bcd426868338c774776625487da6cbe","name":"El ojo que ve la luz","image":{"@type":"ImageObject","inLanguage":"es","@id":"https:\/\/elojoquevelaluz.com\/wp-content\/uploads\/2023\/03\/El-ojo-que-ve-la-luz-.png","url":"https:\/\/elojoquevelaluz.com\/wp-content\/uploads\/2023\/03\/El-ojo-que-ve-la-luz-.png","contentUrl":"https:\/\/elojoquevelaluz.com\/wp-content\/uploads\/2023\/03\/El-ojo-que-ve-la-luz-.png","width":600,"height":174,"caption":"El ojo que ve la luz"},"logo":{"@id":"https:\/\/elojoquevelaluz.com\/wp-content\/uploads\/2023\/03\/El-ojo-que-ve-la-luz-.png"}}]}</script>
<!-- / Yoast SEO plugin. -->

Las emociones pueden ser la brújula que no estás sabiendo leer para llegar al destino que quieres.  Si puedes entender porque te sientes como te sientes podrás poner límites asertivos, decirle sí al movimiento y entender con compasión por qué y para qué están ahí las emociones.  4 clases, el curso completo tiene una duración de 2 horas. Consulta el temario aquí
