{"version":"1.0","provider_name":"El ojo que ve la luz","provider_url":"https:\/\/elojoquevelaluz.com\/es","author_name":"El ojo que ve la luz","author_url":"https:\/\/elojoquevelaluz.com\/es\/author\/el-ojo-que-ve-la-luz\/","title":"Modulo 1: Introducci\u00f3n a ti mismo - El ojo que ve la luz","type":"rich","width":600,"height":338,"html":"<blockquote class=\"wp-embedded-content\" data-secret=\"SdmNCMWlkV\"><a href=\"https:\/\/elojoquevelaluz.com\/es\/product\/modulo-1-introduccion-a-ti-mismo\/\">Modulo 1: Introducci\u00f3n a ti mismo<\/a><\/blockquote><iframe sandbox=\"allow-scripts\" security=\"restricted\" src=\"https:\/\/elojoquevelaluz.com\/es\/product\/modulo-1-introduccion-a-ti-mismo\/embed\/#?secret=SdmNCMWlkV\" width=\"600\" height=\"338\" title=\"&#8220;Modulo 1: Introducci\u00f3n a ti mismo&#8221; &#8212; El ojo que ve la luz\" data-secret=\"SdmNCMWlkV\" frameborder=\"0\" marginwidth=\"0\" marginheight=\"0\" scrolling=\"no\" class=\"wp-embedded-content\"><\/iframe><script>\n\/*! This file is auto-generated *\/\n!function(d,l){\"use strict\";l.querySelector&&d.addEventListener&&\"undefined\"!=typeof URL&&(d.wp=d.wp||{},d.wp.receiveEmbedMessage||(d.wp.receiveEmbedMessage=function(e){var t=e.data;if((t||t.secret||t.message||t.value)&&!\/[^a-zA-Z0-9]\/.test(t.secret)){for(var s,r,n,a=l.querySelectorAll('iframe[data-secret=\"'+t.secret+'\"]'),o=l.querySelectorAll('blockquote[data-secret=\"'+t.secret+'\"]'),c=new RegExp(\"^https?:$\",\"i\"),i=0;i<o.length;i++)o[i].style.display=\"none\";for(i=0;i<a.length;i++)s=a[i],e.source===s.contentWindow&&(s.removeAttribute(\"style\"),\"height\"===t.message?(1e3<(r=parseInt(t.value,10))?r=1e3:~~r<200&&(r=200),s.height=r):\"link\"===t.message&&(r=new URL(s.getAttribute(\"src\")),n=new URL(t.value),c.test(n.protocol))&&n.host===r.host&&l.activeElement===s&&(d.top.location.href=t.value))}},d.addEventListener(\"message\",d.wp.receiveEmbedMessage,!1),l.addEventListener(\"DOMContentLoaded\",function(){for(var e,t,s=l.querySelectorAll(\"iframe.wp-embedded-content\"),r=0;r<s.length;r++)(t=(e=s[r]).getAttribute(\"data-secret\"))||(t=Math.random().toString(36).substring(2,12),e.src+=\"#?secret=\"+t,e.setAttribute(\"data-secret\",t)),e.contentWindow.postMessage({message:\"ready\",secret:t},\"*\")},!1)))}(window,document);\n\/\/# sourceURL=https:\/\/elojoquevelaluz.com\/wp-includes\/js\/wp-embed.min.js\n<\/script>","thumbnail_url":"https:\/\/elojoquevelaluz.com\/wp-content\/uploads\/2024\/08\/Imagenes-tamano-banner.png","thumbnail_width":6912,"thumbnail_height":3456,"description":"Modulo 1     En este m\u00f3dulo pretendemos observar nuestra narrativa y observar de d\u00f3nde viene lo que me duele y desde d\u00f3nde interpreto la realidad  Clases:   Introducci\u00f3n a la inteligencia emocional  Consciencia y presencia (Dualidad)  Creencias  Responsabilidad  Comunicaci\u00f3n asertiva  C\u00f3mo me relaciono.   Duraci\u00f3n total del m\u00f3dulo: 6 semanas  Todos los mi\u00e9rcoles a las 9:30 am  Duraci\u00f3n de la clase: De 1 hora a 1 hora y media.  Fecha de inicio:\u00a0 Fecha por definir (despu\u00e9s del 15 de Septiembre)."}

Modulo 1: Introducción a ti mismo - El ojo que ve la luz

<blockquote class="wp-embedded-content" data-secret="SdmNCMWlkV"><a href="https://elojoquevelaluz.com/es/product/modulo-1-introduccion-a-ti-mismo/">Modulo 1: Introducción a ti mismo</a></blockquote><iframe sandbox="allow-scripts" security="restricted" src="https://elojoquevelaluz.com/es/product/modulo-1-introduccion-a-ti-mismo/embed/#?secret=SdmNCMWlkV" width="600" height="338" title="&#8220;Modulo 1: Introducción a ti mismo&#8221; &#8212; El ojo que ve la luz" data-secret="SdmNCMWlkV" frameborder="0" marginwidth="0" marginheight="0" scrolling="no" class="wp-embedded-content"></iframe><script>
/*! This file is auto-generated */
!function(d,l){"use strict";l.querySelector&&d.addEventListener&&"undefined"!=typeof URL&&(d.wp=d.wp||{},d.wp.receiveEmbedMessage||(d.wp.receiveEmbedMessage=function(e){var t=e.data;if((t||t.secret||t.message||t.value)&&!/[^a-zA-Z0-9]/.test(t.secret)){for(var s,r,n,a=l.querySelectorAll('iframe[data-secret="'+t.secret+'"]'),o=l.querySelectorAll('blockquote[data-secret="'+t.secret+'"]'),c=new RegExp("^https?:$","i"),i=0;i<o.length;i++)o[i].style.display="none";for(i=0;i<a.length;i++)s=a[i],e.source===s.contentWindow&&(s.removeAttribute("style"),"height"===t.message?(1e3<(r=parseInt(t.value,10))?r=1e3:~~r<200&&(r=200),s.height=r):"link"===t.message&&(r=new URL(s.getAttribute("src")),n=new URL(t.value),c.test(n.protocol))&&n.host===r.host&&l.activeElement===s&&(d.top.location.href=t.value))}},d.addEventListener("message",d.wp.receiveEmbedMessage,!1),l.addEventListener("DOMContentLoaded",function(){for(var e,t,s=l.querySelectorAll("iframe.wp-embedded-content"),r=0;r<s.length;r++)(t=(e=s[r]).getAttribute("data-secret"))||(t=Math.random().toString(36).substring(2,12),e.src+="#?secret="+t,e.setAttribute("data-secret",t)),e.contentWindow.postMessage({message:"ready",secret:t},"*")},!1)))}(window,document);
//# sourceURL=https://elojoquevelaluz.com/wp-includes/js/wp-embed.min.js
</script>

Modulo 1     En este módulo pretendemos observar nuestra narrativa y observar de dónde viene lo que me duele y desde dónde interpreto la realidad  Clases:   Introducción a la inteligencia emocional  Consciencia y presencia (Dualidad)  Creencias  Responsabilidad  Comunicación asertiva  Cómo me relaciono.   Duración total del módulo: 6 semanas  Todos los miércoles a las 9:30 am  Duración de la clase: De 1 hora a 1 hora y media.  Fecha de inicio:  Fecha por definir (después del 15 de Septiembre).
